- 54*j. Give s(o).
-38
Let s(n) = -6*n**2 - 7*n - 9. Let b(k) = 5*k**2 + 7*k + 8. Let g(z) = -5*b(z) - 4*s(z). Let x be 2/9 + (-160)/(-9). Suppose -15 = x*h - 15*h. Determine g(h).
6
Let b(v) = v**3 - 13*v**2 - 29*v + 21. Let c = -1399 + 1414. What is b(c)?
36
Let r(p) = 33*p - 35 + 289*p**2 - 90*p**2 - 103*p**2 - 97*p**2. Calculate r(32).
-3
Let d(r) = -r**3 + 8*r**2 - 7*r + 2. Suppose -8*p = -165 + 29. Suppose -3*b - 4*a + p = 0, 29*b = 28*b - a + 6. Calculate d(b).
2
Let b(x) = 40. Let q(s) = s + 113. Let k(n) = 11*b(n) - 4*q(n). Determine k(0).
-12
Let s(d) = -d**2 - 6*d - 5. Suppose -5*g - 13 = o, -o - 2*g + 0*g - 7 = 0. Let v be 7/(147/(-70))*o/2. Suppose -v*w + 3*j - 29 = 6, 24 = -w + 4*j. What is s(w)?
3
Let q(n) = -n**2 + 5*n + 13. Let s(h) = -3*h**2 + 17*h + 41. Let x(c) = 7*q(c) - 2*s(c). Suppose 6*f + 3 = m + 5*f, -4*f + 4 = 0. Give x(m).
-3
Let t(m) = -1494*m - 1. Let j(q) = -136*q. Let i(c) = 22*j(c) - 2*t(c). Calculate i(-7).
30
Let p(a) = 7*a**2 + a + 40. Let c(j) = -6*j**2 - 2*j - 33. Let z(t) = -5*c(t) - 4*p(t). Let v = 79 + -83. Determine z(v).
13
Let g(h) = -h**3 + 40*h**2 - 38*h - 38. Suppose 827*d - 26548 - 10927 = -5222. Give g(d).
1
Let a(m) = m**3 + 6*m**2 + m + 2. Let n(f) = f**3 + 6*f**2 + 3. Let g(k) = 4*a(k) - 3*n(k). Let o be 4/((-4)/(-3)) - 3. Suppose 32*l - 17*l + 45 = o. Give g(l).
14
Let d(c) = 18*c**2 - 233*c - 9. Let x(n) = n**2 + 124*n + 3832. Let h be x(-67). Give d(h).
4
Suppose -5*y + 21 = 1. Let h be 6/(((-45)/(-20))/3). Let s(d) = 9*d**2 - 16*d**2 + h*d**2 - 1 - 3*d. Calculate s(y).
3
Let p(w) = -w**2 + 10*w + 7. Suppose -21 = -4*n + 3*k + 12, -3*n - 5*k = -32. What is p(n)?
16
Let y(o) = -43*o + 464. Let g be y(10). Let a = -23 - 5. Let s = a + g. Let r(n) = -n**3 + 6*n**2 - 5. What is r(s)?
-5
Let r(l) = l**2 - 7*l - 3. Suppose 16*z = -2*z + 72. Determine r(z).
-15
Let c be (4*-1)/(((-112)/40)/(-7)). Let l be 4/((c/6)/5). Let j(z) = z + 15. What is j(l)?
3
Let f = -30 - -44. Suppose s = -a + 2*a - f, 0 = 5*s + 2*a + 98. Let h be ((-3)/(-2))/(27/s). Let q(j) = j**3 + 2*j + 1. Determine q(h).
-2
Let k(l) = -4*l**3 + l**2 - l - 1. Suppose 5*h = -36 + 131. Let t = h + -18. Let y be k(t). Let n(b) = -b**3 - 6*b**2 - 4*b + 7. What is n(y)?
2
Let d(g) = -g**3 + g**2 - g - 1. Let s(m) = 16*m**3 - 5*m**2 + 5*m + 4. Let h(o) = 4*d(o) + s(o). Suppose v + 21*r + 303 = 94, -3*r = 5*v + 25. Give h(v).
12
Let m(n) = 5*n + 148. Let j(s) = -s**2 + 13*s + 61. Let w be j(-5). Let y be m(w). Let f(l) = -l**2 + l - 4. Calculate f(y).
-10
Suppose 4*o = -3*w + 815, 0 = -15*o + 17*o + 5*w - 383. Let q = -1 + 3. Let u(h) = -o*h**3 + q*h - 5*h**2 + 208*h**3 - 6 + 4*h. What is u(-6)?
-6
Let u(b) = -2*b**2 + 18 + 65 - 7 + 20 - 3*b. Determine u(-8).
-8
Suppose 0 = -3*k + 3*l - 12, 3*k + 7*l - 23 = 3*l. Let c(z) = -1. Let m(q) = 5*q + 8. Let g(x) = k*c(x) + m(x). Let t be -18 - -14 - 2/2. Calculate g(t).
-18
Suppose 4*p + l = -15, 422*p + 21 = 419*p - 4*l. Let m(h) = 11*h - 4. Calculate m(p).
-37
Let y(j) be the second derivative of -11*j**3/6 - 207*j**2/2 - 5*j - 37. What is y(-18)?
-9
Let q(j) be the first derivative of -10*j - j**2 + 186 - 123 + 348. Suppose 0 = 5*b - 20, 3*d + 3 + 2 = -4*b. Give q(d).
4
Let w(r) = -r**2 - 10*r + 19. Suppose g + k - 266 = -285, 0 = 10*g - 2*k + 106. Calculate w(g).
-5
Let d(l) = l + 8. Suppose 20*i + 54 = 254. Suppose -5 = b + 2*b - n, 2*n = 2*b + i. Determine d(b).
8
Let y = -292 - -294. Let g(c) = 3*c**2 + 3*c - y*c**2 + 4*c - 3*c**2 + 5 + 3*c**2. Give g(-4).
-7
Let c(k) = -k**2 + 2*k - 26. Let y = 13408 - 13408. Determine c(y).
-26
Let c(u) = -u + 7. Let w be (-30)/(-7 + 12 + 13/(-2)). Suppose 4*t - 2*t + 26 = 0. Let h = w + t. What is c(h)?
0
Let f(o) be the first derivative of -2*o**3/3 - 3*o**2/2 + 4*o - 51. Let s(y) = -3*y**2 - 5*y + 6. Let k(q) = 8*f(q) - 5*s(q). Give k(0).
2
Let b(o) be the second derivative of -o**6/120 - o**5/30 - o**4/6 - o**3/2 - 8*o**2 - 27*o. Let c(u) be the first derivative of b(u). Determine c(-2).
5
Let y(l) = l**3 + 12*l**2 - 10*l - 13. Suppose -20*t = 1179 - 919. Calculate y(t).
-52
Let a(x) = x**3 + 2*x**2 - 3*x + 1. Let k be (-5481)/(-696) + 2/16. Suppose l - h + 3 = 0, k*h = l + 5*h + 3. Calculate a(l).
1
Let c(o) be the second derivative of -21*o + 1 + 3/2*o**2 + 2/3*o**3 - 1/12*o**4. Determine c(5).
-2
Suppose 20*x + 5 = 21*x. Suppose 1 = x*n - 19. Let j be ((3 - n) + 16)*(-1)/3. Let l(g) = -g + 1. Calculate l(j).
6
Let u(k) be the third derivative of k**6/120 - k**5/10 + 7*k**4/24 - 2*k**3/3 - k**2. Suppose 12 = 3*s, 4*s = -3*a - 12 + 40. Give u(a).
-8
Let b(v) = v**3 + 2*v**2 + 6 + 2*v**2 + 2*v**2 + 6*v. Suppose -25*p + 22*p = 240. Let f be ((-1)/4)/(3 - (-236)/p). Calculate b(f).
1
Let u(p) be the second derivative of -1/6*p**3 + 3*p - 18 + 4*p**2. Give u(10).
-2
Let s(n) = 4*n + 5. Let i be (-7)/((-70)/195)*8/12. Suppose 5*c + 29 = -2*g, -c = -3*g + 7*g + i. Determine s(g).
-3
Let s(w) be the first derivative of w**4/2 - 14*w**3 + 2*w**2 - 102*w - 3628. Determine s(21).
-18
Suppose r + r + 4*q = 124, 5*q = -4*r + 239. Suppose 5*n + 3*a - a - r = 0, 4*a = -2*n + 32. Let i(m) = 4 - n*m - 1 + 4 + 11*m. Calculate i(7).
14
Let v be (447/(-5))/(30/(-50)). Let g(w) = 3*w - 297 + 143 + v. What is g(5)?
10
Let m be -55 + 2 - 20/(-4). Let b(d) = 3*d**2 + 145*d + 50. Calculate b(m).
2
Let q(z) = -8*z - 1. Suppose 49*n - 618 = -226. Determine q(n).
-65
Let t(m) = -3*m**2 - 3*m - 1. Let c(y) = -85*y**2 - 82*y**2 - y + 166*y**2. Let r(k) = -2*c(k) + t(k). What is r(-2)?
-3
Suppose -29*h - 66 = -53*h - 258. Let b(u) = 4*u**2 + 33*u - 4. What is b(h)?
-12
Let t(g) = g**2 + g - 30. Let f = -585 - -578. Let q be t(f). Let w(z) = -z**2 + 10*z + 16. Give w(q).
-8
Let z(c) = 2*c**2 - 25*c + 30. Let t be (8*3/(-48))/((-515)/(-130) + -4). Give z(t).
43
Let u(r) = 13*r - 2. Let o(p) = -128*p + 18. Let q(f) = o(f) + 11*u(f). Give q(-8).
-124
Let g(a) = a - 4. Let s be g(6). Let u(m) = 3*m**2 - 40*m - 24. Let l(v) = -19*v**2 + 249*v + 151. Let f(z) = 4*l(z) + 25*u(z). Determine f(s).
-8
Let g(r) = 5*r - 10. Suppose 8*d + 4 = 10*d. Let z(q) = 3*q - 9. Let c(i) = d*g(i) - 3*z(i). Give c(-3).
4
Suppose 0 = 4*n - 0*k - 2*k - 4, 4 = 4*n + 4*k. Let j(w) = 2 + n - 9 - w. Let r be (-5)/(0 + 0 - -1). Calculate j(r).
-1
Let t(f) = -7*f - 123. Let d = -4900 - -4882. What is t(d)?
3
Let g be 20/(220/(-77)) + 10. Let r(n) = -n**3 + 5*n**2 - 10*n + 15. What is r(g)?
3
Let v(n) = -4*n - 394 - 16*n + 157 + 56*n - 22*n. Determine v(17).
1
Let f be (7 - 10)/(3/(-10)). Suppose -2*g = 2*m + 2*g - 38, f = 5*g. Let u be (0 + -7)/(m/15). Let z(h) = -h - 8. Determine z(u).
-1
Let j(h) be the third derivative of h**7/5040 + h**6/144 - 191*h**5/60 - 13*h**2 - 1. Let m(c) be the third derivative of j(c). What is m(-1)?
4
Let o(p) = 83*p**2 + 45*p + 11. Let z(u) = -15*u**2 - 9*u - 2. Let t(r) = 2*o(r) + 11*z(r). What is t(8)?
-8
Let h(k) = -20 - 13*k + 26463*k**3 - 52934*k**3 + 26470*k**3 - 14*k**2. Calculate h(-13).
-20
Let a(n) = n**3 + 6*n**2 - n - 5. Let p = 65 + -57. Let b(u) = -13*u - 3 + 7 - 5 + p. Let j be b(1). What is a(j)?
1
Let c(w) = -12*w**2 + 42*w - 16. Let d(r) = -12*r**2 + 42*r - 15. Let y(k) = -6*c(k) + 7*d(k). Calculate y(3).
9
Let i(t) = t**2 - 18*t + 41. Let c = 352 - 339. Determine i(c).
-24
Let i(s) = -s**2 + 24*s - 137. Let n be i(14). Suppose -g = -x - 8, -3*g + n*x = 5*x - 9. Let z(f) = 5*f - 1. Calculate z(g).
24
Let r be -4*21/(-33) - 42*(-6)/(-462). Suppose -24 = -2*i - 2*b, -3*b - 2 = -2*i - 3. Let p(c) = 0 + 4 - i*c - 5. Calculate p(r).
-15
Let d be (-2)/(-4)*(-3 + 7). Let v(a) = 3 + 2 + 3*a - 3 - 4*a**2 - a. Give v(d).
-10
Let d(y) be the second derivative of y**4/12 + 2*y**3/3 - 12*y + 2. Suppose 22 + 3 = 5*r. Suppose -r*q + 0*i + 7 = 2*i, -5*q + i + 19 = 0. What is d(q)?
21
Let w(q) = -8 + 69656428*q - 2*q**2 - 34828211*q - 34828215*q + q**3. Let p = -5 - -8. What is w(p)?
7
Let d(o) = o**3 - 10*o**2 + 36*o + 7. Let i(k) = -3*k**3 + 33*k**2 - 109*k - 21. Let g(p) = 11*d(p) + 4*i(p). Determine g(20).
-7
Let w(q) = -112893 + 5*q + 6*q + 112951 - q**2. Give w(-4).
-2
Let h(f) = -f**2 + 2*f + 2. Suppose 32 = 5*t + g + 34, 5*g - 13 = -2*t. Let k(n) = -n**3 - 5*n**2 - 4*n - 1. Let d(v) = t*h(v) + k(v). What is d(-4)?
21
Suppose -3711 + 3928 = -31*o. Let d(q) = -14*q - 